vide 28550?
False
Does 51 divide 1377?
True
Is 31 a factor of 1520?
False
Is 6446 a multiple of 11?
True
Is 18 a factor of 3639?
False
Is 16941 a multiple of 53?
False
Is 9 a factor of 261?
True
Is 263 a factor of 84160?
True
Is 103 a factor of 88889?
True
Is 8 a factor of 16?
True
Is 100772 a multiple of 29?
False
Is 49 a factor of 1029?
True
Does 15 divide 1185?
True
Does 24 divide 1451?
False
Does 15 divide 2325?
True
Does 23 divide 3588?
True
Is 19 a factor of 570?
True
Does 170 divide 49762?
False
Does 3 divide 103?
False
Is 18340 a multiple of 20?
True
Is 8683 a multiple of 9?
False
Does 76 divide 47424?
True
Does 12 divide 2834?
False
Does 24 divide 3834?
False
Is 327 a multiple of 49?
False
Does 25 divide 10700?
True
Does 5 divide 170?
True
Is 627 a multiple of 9?
False
Does 16 divide 1281?
False
Does 39 divide 849?
False
Is 1602 a multiple of 8?
False
Does 7 divide 1371?
False
Is 4 a factor of 132?
True
Is 46 a factor of 874?
True
Is 406 a multiple of 14?
True
Is 2400 a multiple of 50?
True
Is 33 a factor of 1386?
True
Is 5252 a multiple of 69?
False
Is 142 a factor of 3146?
False
Is 3870 a multiple of 15?
True
Is 16048 a multiple of 68?
True
Does 57 divide 15903?
True
Is 9 a multiple of 2?
False
Does 15 divide 3810?
True
Does 12 divide 1476?
True
Is 28150 a multiple of 5?
True
Is 721 a multiple of 54?
False
Is 64 a factor of 635?
False
Is 5 a factor of 78?
False
Does 68 divide 3740?
True
Is 120 a multiple of 40?
True
Is 1046 a multiple of 96?
False
Is 16 a factor of 1392?
True
Is 134 a multiple of 8?
False
Does 4 divide 1044?
True
Is 70523 a multiple of 73?
False
Is 21 a factor of 25305?
True
Does 101 divide 3440?
False
Is 10 a factor of 742?
False
Is 8 a factor of 691?
False
Is 53 a multiple of 17?
False
Is 62 a factor of 2091?
False
Is 3214 a multiple of 4?
False
Is 39 a factor of 482?
False
Is 3 a factor of 672?
True
Is 8 a factor of 7248?
True
Is 25 a factor of 105?
False
Is 12 a factor of 9816?
True
Is 1430 a multiple of 22?
True
Is 45018 a multiple of 122?
True
Does 8 divide 3368?
True
Is 792 a multiple of 33?
True
Does 99 divide 36114?
False
Is 1345 a multiple of 5?
True
Does 197 divide 12396?
False
Is 23506 a multiple of 73?
True
Is 1879 a multiple of 21?
False
Does 14 divide 630?
True
Does 271 divide 16993?
False
Does 16 divide 176?
True
Does 84 divide 3864?
True
Is 7 a factor of 2278?
False
Does 25 divide 3738?
False
Does 5 divide 22455?
True
Is 5023 a multiple of 17?
False
Does 5 divide 80?
True
Is 11 a factor of 286?
True
Is 16 a factor of 570?
False
Is 7 a factor of 25?
False
Does 48 divide 1488?
True
Does 13 divide 1899?
False
Is 12 a factor of 384?
True
Is 68 a factor of 11900?
True
Is 61936 a multiple of 8?
True
Does 17 divide 5168?
True
Is 20 a factor of 9103?
False
Does 97 divide 16199?
True
Is 24 a factor of 520?
False
Is 2156 a multiple of 7?
True
Is 18 a factor of 28008?
True
Is 17 a factor of 119?
True
Is 157 a multiple of 2?
False
Is 118 a factor of 97822?
True
Is 50 a factor of 10500?
True
Is 3 a factor of 22?
False
Does 13 divide 2548?
True
Does 121 divide 3267?
True
Is 50 a factor of 649?
False
Does 22 divide 6618?
False
Is 1962 a multiple of 6?
True
Does 14 divide 3262?
True
Does 54 divide 515?
False
Does 69 divide 12632?
False
Does 4 divide 3318?
False
Is 8 a factor of 23712?
True
Does 6 divide 630?
True
Is 450 a multiple of 10?
True
Is 368 a multiple of 6?
False
Does 112 divide 10080?
True
Is 173 a factor of 6084?
False
Is 27125 a multiple of 76?
False
Is 98 a factor of 73098?
False
Does 13 divide 8535?
False
Is 18400 a multiple of 230?
True
Is 21 a factor of 1587?
False
Is 190 a factor of 21789?
False
Is 136306 a multiple of 34?
True
Does 15 divide 285?
True
Is 53 a factor of 5194?
True
Is 8 a factor of 8118?
False
Does 98 divide 12348?
True
Is 126 a multiple of 18?
True
Does 39 divide 60?
False
Does 113 divide 52125?
False
Is 7 a factor of 192?
False
Is 2360 a multiple of 8?
True
Is 5 a factor of 1175?
True
Is 38728 a multiple of 188?
True
Is 1141 a multiple of 6?
False
Does 15 divide 2145?
True
Is 30 a factor of 4969?
False
Is 27072 a multiple of 94?
True
Is 279 a multiple of 31?
True
Is 4905 a multiple of 83?
False
Is 6 a factor of 31774?
False
Does 30 divide 1020?
True
Is 27901 a multiple of 153?
False
Does 19 divide 76?
True
Is 5588 a multiple of 44?
True
Does 27 divide 56565?
True
Does 196 divide 29988?
True
Is 105 a multiple of 3?
True
Does 8 divide 2378?
False
Is 11 a factor of 5742?
True
Is 27 a factor of 29995?
False
Is 63 a factor of 819?
True
Is 10 a factor of 10529?
False
Does 4 divide 257?
False
Is 47 a factor of 5051?
False
Does 32 divide 557?
False
Is 7400 a multiple of 50?
True
Is 57 a factor of 1913?
False
Does 102 divide 9282?
True
Is 59826 a multiple of 338?
True
Is 4188 a multiple of 12?
True
Does 12 divide 2859?
False
Is 16 a factor of 2256?
True
Is 79 a factor of 8633?
False
Does 69 divide 802?
False
Is 9 a factor of 2541?
False
Is 57 a factor of 1539?
True
Does 97 divide 784?
False
Is 445 a multiple of 6?
False
Is 8 a factor of 3664?
True
Does 25 divide 48475?
True
Does 10 divide 5670?
True
Is 4 a factor of 62?
False
Is 8048 a multiple of 8?
True
Does 7 divide 1972?
False
Is 11 a factor of 14278?
True
Is 51149 a multiple of 7?
True
Is 6 a factor of 3837?
False
Is 66 a factor of 22572?
True
Is 88 a factor of 14432?
True
Is 563 a multiple of 13?
False
Does 12 divide 1572?
True
Is 79421 a multiple of 43?
True
Is 145 even?
False
Does 16 divide 491?
False
Does 14 divide 13454?
True
Does 12 divide 5976?
True
Is 25 a factor of 4200?
True
Is 4848 a multiple of 12?
True
Is 63 a factor of 11655?
True
Is 5004 a multiple of 52?
False
Is 37515 a multiple of 123?
True
Is 15 a factor of 2265?
True
Does 7 divide 14272?
False
Is 1200 a multiple of 30?
True
Does 2 divide 197?
False
Is 75 a factor of 2775?
True
Does 34 divide 374?
True
Does 15 divide 5717?
False
Does 5 divide 16?
False
Is 69 a factor of 1863?
True
Is 938 a multiple of 14?
True
Does 8 divide 48?
True
Is 591 a multiple of 79?
False
Is 129 a factor of 4128?
True
Is 2484 a multiple of 12?
True
Is 1527 a multiple of 80?
False
Does 31 divide 59304?
False
Is 240 a multiple of 10?
True
Does 38 divide 1634?
True
Is 174 a multiple of 6?
True
Is 18 a factor of 3161?
False
Is 53 a factor of 424?
True
Is 20 a multiple of 5?
True
Does 8 divide 224?
True
Does 27 divide 81?
True
Is 5715 a multiple of 7?
False
Is 704 a multiple of 30?
False
Is 34 a factor of 1428?
True
Does 28 divide 672?
True
Is 68 a multiple of 12?
False
Is 55559 a multiple of 83?
False
Is 34 a factor of 748?
True
Does 62 divide 1178?
True
Does 16 divide 6906?
False
Is 33 a factor of 1157?
False
Is 101248 a multiple of 311?
False
Does 153 divide 33966?
True
Is 59045 a multiple of 15?
False
Is 28 a factor of 5796?
True
Does 3 divide 2410?
False
Does 5 divide 2600?
True
Does 19 divide 3439?
True
Is 4806 a multiple of 23?
False
Is 25194 a multiple of 102?
True
Does 7 divide 29?
False
Does 51 divide 20165?
False
Does 2 divide 29?
False
Is 72 a multiple of 3?
True
Does 29 divide 22277?
False
Is 22 a factor of 22?
True
Does 33 divide 1434?
False
Is 30 a factor of 373?
False
Is 36757 a multiple of 27?
False
Is 12 a factor of 56765?
False
Is 525 a multiple of 75?
True
Does 487 divide 109575?
True
Is 876 a multiple of 6?
True
Does 51 divide 663?
True
Is 128 a factor of 12672?
True
Is 30570 a multiple of 10?
True
Does 7 divide 7?
True
Is 17541 a multiple of 143?
False
Does 7 divide 1197?
True
Is 178 a factor of 7298?
True
Is 15784 a multiple of 58?
False
Does 10 divide 18529?
False
Does 26 divide 7020?
True
Does 20 divide 249?
False
Is 7 a factor of 532?
True
Is 4928 a multiple of 16?
True
Is 66 a factor of 580?
False
Does 13 divide 167?
False
Is 825 a multiple of 15?
True
Is 13572 a multiple of 87?
True
Is 40 a factor of 18133?
False
Is 63 a factor of 4939?
False
Does 27 divide 27?
True
Is 4337 a multiple of 20?
False
Is 943 a multiple of 89?
False
Is 9 a factor of 17208?
True
Is 10 a factor of 1480?
True
Is 2388 a multiple of 6?
True
Does 5 divide 2341?
False
Is 24 a factor of 2608?
False
Is 12 a factor of 492?
True
Is 8074 a multiple of 82?
False
Does 53 divide 5247?
True
Is 39 a factor of 5382?
True
Is 208 a factor of 4185?
False
Does 38 divide 190?
True
Does 3 divide 2848?
False
I